e -3*b = -5*s + 182, -5*b = -2*s + y + 8. What is the remainder when s is divided by 13?
11
Let h(z) = z**3 - 4*z**2 - 9*z - 2. Suppose -7*m + 84 = -3*m. Calculate the remainder when h(7) is divided by m.
19
Let l(q) be the second derivative of -4*q - 3/2*q**2 + 1/6*q**3 + 0. Calculate the remainder when l(6) is divided by 1.
0
Let g = -155 + 265. Suppose -g - 22 = -6*m. What is the remainder when 84 is divided by m?
18
Let k(u) = -u**2 - 2*u - 3. Let z be k(-2). Calculate the remainder when (14/4)/(1/4) is divided by -3 + (-6)/z + 6.
4
Let d(b) = -12 + b - 2*b - 2*b. Let x(a) = -4*a - 12. Let i(n) = -5*d(n) + 4*x(n). What is the remainder when i(10) is divided by 2?
0
Suppose 2*j - 3*i = -1, -2*j + 14 = 5*i - 3*i. What is the remainder when 9 is divided by j?
1
Suppose 11*g = 566 - 126. Calculate the remainder when 158 is divided by g.
38
Suppose 4*k - 5*w = 3, -w = -4*k + 2 + 5. What is the remainder when 5 + (-10 + k)/2 is divided by 1?
0
Suppose -5*f + 28 = -3*f. Let j be 42/9*9/1. Suppose a - 3*a = -4*z + j, a = -2*z + 11. What is the remainder when f is divided by z?
6
Suppose 17 = s - 0*s. What is the remainder when 66 is divided by s?
15
Let s(c) = -c**3 + 7*c**2 - 3*c - 1. Calculate the remainder when 32 is divided by s(6).
15
Suppose 45 - 17 = 4*x. Let p be 9*-1*2/(-6). Suppose 9 + 3 = p*d. What is the remainder when x is divided by d?
3
Suppose 2*s = 3*s - 29. What is the remainder when s is divided by 6?
5
Let b(p) be the first derivative of p**4/4 - 2*p**3/3 - 5*p**2/2 - p - 3. What is the remainder when b(5) is divided by 13?
10
Let u(p) be the second derivative of -p**4/12 - 4*p**3/3 - p**2 - p. Calculate the remainder when 53 is divided by u(-4).
11
Let d = 6 + -4. Suppose -u + 243 = d*u. Calculate the remainder when u is divided by 21.
18
Calculate the remainder when 38 is divided by (-342)/(-27) - (-2)/6.
12
Suppose z + 0*z - 26 = 0. What is the remainder when z is divided by 6?
2
Let r = 45 + 3. Calculate the remainder when r is divided by 25.
23
Let y(u) = u**3 + 8*u**2 - 10*u + 8. Let k be y(-9). Let g = k - 12. Let s = -7 + 26. Calculate the remainder when s is divided by g.
4
Suppose 6 = -3*h - 3*x - 0*x, 5*h - x + 22 = 0. Let j = 24 + h. Calculate the remainder when 58 is divided by j.
18
Let l = -33 - -13. Let v = l + 42. Calculate the remainder when v is divided by 8.
6
Suppose 4*v - v - 55 = -j, 0 = 5*v + 3*j - 85. What is the remainder when v is divided by 12?
8
Let b = -33 - -69. What is the remainder when 105 is divided by b?
33
Suppose 8*c - 5*c - 117 = 0. Calculate the remainder when c is divided by 14.
11
Let n = -9 + 13. Let q = n + 16. Suppose -4*c - 2*i + 226 = 0, -3*i - 305 = -5*c + 2*i. What is the remainder when c is divided by q?
18
Let o(d) = d**3 - d**2. Calculate the remainder when o(3) is divided by 5.
3
Let g(o) = 31*o**3 + o**2 - 2*o + 1. Let s = 9 - 3. Let c = s + 5. What is the remainder when g(1) is divided by c?
9
Suppose 4 = 4*b - 2*j - 2, 3*b + 5*j - 11 = 0. Calculate the remainder when 6 is divided by b.
0
Let u = -5 + 8. Suppose 0*x - u*x = 0. Let i(t) = -t**3 + t + 20. What is the remainder when i(x) is divided by 7?
6
Let g(t) = 2*t**3 + t**2 - 2*t + 1. What is the remainder when 7 is divided by g(1)?
1
Suppose 3*b + 138 = -v + 5*v, -3*v + b = -101. Suppose 1134 = -n - 2*n. What is the remainder when v is divided by n/(-22) + 2/(-11)?
16
Suppose 0 = 4*x - 3*v - 0*v - 5, -5*x - v + 30 = 0. Suppose 0 = z + z - 4. Suppose -z*g + x*g = 15. Calculate the remainder when 9 is divided by g.
4
Suppose 312 = 5*c + v, c - 43 = -5*v + 5. Suppose 28 = 2*u - 4*o, 5*u = -3*o + o + 82. What is the remainder when c is divided by u?
15
Suppose 2*u + 3*u = -l + 39, 2*l - 1 = u. What is the remainder when 41 is divided by u?
6
Let x = -56 + 78. Calculate the remainder when x is divided by 6.
4
Let n be (3 + -4)*-1 + 84. Let i = -27 + n. What is the remainder when i is divided by 12?
10
Let x = 168 - 143. Suppose z - 3 = -0*y + 3*y, 4*z - 12 = -5*y. Suppose -m - z = -16. What is the remainder when x is divided by m?
12
Let r(y) = -y**3 + 7*y**2 - 6*y - 4. Suppose 0 = -4*o - o + 30. Calculate the remainder when r(5) is divided by o.
4
Let y(z) = -z + 12. Let l be y(9). Suppose 55 = 4*n + 3*x, 0 - 60 = -l*n + 4*x. Calculate the remainder when n is divided by 9.
7
Suppose 0 = 3*c + 1 - 4. Let r(t) = 13*t**2 + t. Let f = 14 + -9. Calculate the remainder when r(c) is divided by f.
4
Let g(p) = -5*p - 17. What is the remainder when 113 is divided by g(-11)?
37
Let f(k) = -k**3 - 2*k**2 + 1. Calculate the remainder when f(-4) is divided by -3 + 1/(-3)*-2*30.
16
Let q be -61 - (-1 - -1 - 2). Let i = q + 83. Suppose -2*f + i = f. Calculate the remainder when 23 is divided by f.
7
Suppose a + a + 244 = 0. Calculate the remainder when 57 is divided by a/(-8) + (-1)/4.
12
Let h be (-2 - 10)*2/(-3). Suppose 2*m + 5*j - h*j = 34, 0 = 4*j + 8. What is the remainder when m is divided by 8?
6
Let o(i) = -i**3 - 4*i**2 - i - 3. Let f = -90 - -91. What is the remainder when o(-4) is divided by f?
0
Let o = 54 - 58. Let k(m) be the first derivative of -3*m**2 + 2*m - 1. What is the remainder when k(o) is divided by 9?
8
Suppose -s = -i - 29, -2*s + 4*i = -32 - 30. Let z(u) be the third derivative of -u**4/6 - u**3/3 - u**2. What is the remainder when s is divided by z(-4)?
13
What is the remainder when 3/(-1) + 22 + 3 is divided by 8?
6
Let i = -8 + -7. Calculate the remainder when (-294)/i - 6/(-15) is divided by 7.
6
Suppose 3*q - 42 = -2*h, 3*q + 2*h - 51 = -3*h. Suppose 0 = 4*s - 9 - 11. Calculate the remainder when q is divided by s.
2
Let n(i) = -i - 3. Let h be n(0). Let x = 6 + -11. Let v = h - x. What is the remainder when 4 is divided by v?
0
Suppose -322 = -g - 6*g. Let l(c) = 2*c**2 + 2*c. What is the remainder when g is divided by l(2)?
10
Suppose 4*g + g = -4*v + 35, -5*v + g + 80 = 0. Let n = v + 10. Calculate the remainder when 2/6 + n/15 is divided by 1.
0
Suppose -2*g + 4*g + 20 = 2*k, 3*g = -2*k. Let l(w) = w**3 + 5*w**2 - w - 3. What is the remainder when l(-4) is divided by k?
5
Let t = 9 + -6. What is the remainder when (-210)/(-55) - 4/(-22) is divided by t?
1
Suppose 0 = -3*d + 160 - 7. Calculate the remainder when d is divided by 27.
24
Let l(v) = 4*v - 10. Let o(z) = -5*z + 11. Let h(c) = -4*l(c) - 3*o(c). What is the remainder when 39 is divided by h(-3)?
9
Let g = 9 + -2. Calculate the remainder when g is divided by 5.
2
Suppose -102 = -5*z + 2*z. Let k(n) = -n + 26. What is the remainder when z is divided by k(8)?
16
Let w(b) = b**3 - 25*b**2 - b + 60. Suppose 3*c = -2*q + 32 + 26, -62 = -4*c + 5*q. Calculate the remainder when w(25) is divided by c.
17
Let g = 14 - 8. What is the remainder when 11 is divided by g?
5
Calculate the remainder when 19 is divided by 237/21 - 6/21.
8
Let w = 92 - 85. Calculate the remainder when 48 is divided by w.
6
Suppose 27 = 5*h - a, -h + 5 = 2*a + 4. Suppose -5*i = -2*v - i + 46, -70 = -5*v - 5*i. What is the remainder when v is divided by h?
2
What is the remainder when ((-180)/(-25) + -3)/((-1)/(-40)) is divided by 10?
8
Let q(m) = m**2 + 4*m - 2. Let p be q(-6). Suppose -22 = -3*i - o + 2*o, 3*o = i - p. What is the remainder when 34 is divided by i?
6
Let d(y) = -y**2 + 18*y + 24. Calculate the remainder when 15 - (2 - 3) - -1 is divided by d(19).
2
Let t(k) = k**2 + 8*k + 3. Let o be t(-8). Let y(n) = 3*n**2 - 3*n - 2. Suppose -4*p = -2*p - 12. What is the remainder when y(o) is divided by p?
4
Let l(q) = -6*q - 20. Let i(j) = -6*j - 21. Let s(o) = 5*i(o) - 4*l(o). What is the remainder when s(-11) is divided by 11?
8
Let s = -88 + 158. Suppose 70 = -4*m + 166. What is the remainder when s is divided by m?
22
Suppose 3*c + 256 = 7*c. What is the remainder when c is divided by 33?
31
Let s(h) = 17*h. Calculate the remainder when s(1) is divided by (12/(-18))/(4/(-42)).
3
What is the remainder when 14/3*6/2 is divided by ((-15)/6)/((-1)/2)?
4
Let z(u) = 64*u**2 + u. Let h be z(-1). Let r = h + -26. Calculate the remainder when r is divided by ((-4)/6)/((-8)/156).
11
Suppose -63 = -17*m + 8*m. Calculate the remainder when 18 is divided by m.
4
Suppose 5*h - 7 = 93. Suppose 0 = k - 3*s - 28, 0*s - 59 = -3*k + 4*s. Let z = -2 + k. Calculate the remainder when h